6/24?
62
Let h be (3 + 5)/(-4) + 2. Suppose 5*k = -4*n + 80, -k + 121 = -h*n + 5*n. Let z = 40 + -27. Calculate the remainder when n is divided by z.
12
Suppose 21*m = 5*n + 18*m - 315, 71 = n + m. What is the remainder when n is divided by 22?
0
Suppose 3*x - 29 = 7. What is the remainder when 41 is divided by x?
5
Let o = -48 + -6. Let b = o + 76. Calculate the remainder when b is divided by 8.
6
Suppose 0 = 5*b - 5*m - 205, -28*b + 4*m = -27*b - 38. Calculate the remainder when 58 is divided by b.
16
Suppose 0 = -g - 5*z + 441, 901 = 4*g - 3*z - 955. Calculate the remainder when g is divided by 18.
11
Suppose w = -2*p + 13, 2*p + 9 = w - 8. Suppose 0 = -2*f - 2*j + 2, -3*f - 5*j + 10*j + 35 = 0. Let k = w + f. What is the remainder when k is divided by 8?
4
Let o = 1 - -10. Suppose -x - 9*x = -2240. Suppose x = -0*d + 7*d. Calculate the remainder when d is divided by o.
10
Suppose -12 = -6*h + 4*h. Suppose 0 = 4*x - 6*x - h, f + 189 = 4*x. Calculate the remainder when (3 - 0)*f/(-9) is divided by 14.
11
What is the remainder when ((-385)/154)/((-1)/64) is divided by 29?
15
Let k be (-4)/10 + 2/5. Let j = k + 4. Suppose -134 - 3 = -3*h - 5*g, 0 = j*h + 3*g - 168. Calculate the remainder when h is divided by 20.
19
Let y(p) = p**3 + 26*p**2 + 23*p - 35. What is the remainder when 39 - -1 - (-11)/(-11) is divided by y(-25)?
9
Suppose a - 19 = -0*a. Suppose 4*y + y - 830 = 0. Let u = y - 162. What is the remainder when a is divided by u?
3
Let r = -81 - -113. Let u = r + -23. Suppose f + v - 12 = 0, 3*v + 0 = -u. Calculate the remainder when f is divided by 3.
0
Let s be (-38)/(-12) + 8/(-48) + 10. Suppose -2*d = 3*j - 8, 4*d = 3*j + s + 21. What is the remainder when 109 is divided by d?
4
Let a = -61 - -115. Let c = -953 + 972. Calculate the remainder when a is divided by c.
16
Let q = 329 + -256. Calculate the remainder when q is divided by 11.
7
Let p(s) = s**2 - 9*s - 2. Let d be p(5). Let k = 33 + d. Suppose -k*m = -7*m - 136. What is the remainder when m is divided by 9?
7
Let i = -445 - -1003. Suppose 370 + i = 8*l. Calculate the remainder when l is divided by 39.
38
Let y(l) = -4*l**2 - 14*l - 3. Let j be y(-2). Let f(s) = -2*s + 44. What is the remainder when f(j) is divided by 14?
12
Let t(z) = z**3 + 28*z**2 + 72*z + 59. What is the remainder when t(-25) is divided by 27?
26
Let n be -4 - -4 - (0 - 1). Let d = 4 - n. Suppose -3*l - d*t = -t - 38, -5*l + 75 = t. What is the remainder when 30 is divided by l?
14
Suppose j + 13 = 18, 0 = 5*u - 3*j - 440. What is the remainder when 159 is divided by u?
68
Let a(g) = -14*g**3 - 30*g**2 - 4*g + 1. Calculate the remainder when 104 is divided by a(-2).
0
Suppose 7*z = 99 - 43. What is the remainder when z is divided by 3?
2
Let r be (12/8)/((-4)/(-8)). Suppose -3*o - 258 = -7*c + 2*c, -r*o = 3. Calculate the remainder when c is divided by 7.
2
What is the remainder when (-6372)/(-90)*20/6 is divided by 30?
26
Let m(l) = 4*l**2 - 84*l + 17. What is the remainder when m(23) is divided by 5?
1
Suppose -2*w = 0, -c - 2*c = -w + 3. Let l be 2 + c/(3/(-141)). Let z = -17 + l. Calculate the remainder when z is divided by 9.
5
Suppose -5*i - 904 = -4*l, -l - l + 2*i + 454 = 0. Calculate the remainder when l is divided by 86.
59
Let j be 1/(((-24)/(-20))/(-6)). What is the remainder when (-1 + 2)*(0 - j) is divided by 4?
1
Let a = 1251 - 1247. Calculate the remainder when 491 is divided by a.
3
Suppose -46 = -3*z + 4*x, 0 = -0*z + 3*z + 4*x - 14. Calculate the remainder when 880/25 + (-2)/z is divided by 13.
9
Suppose -f = -5*f - 64. Let z = 8 - f. Let t = 34 - z. Calculate the remainder when 19 is divided by t.
9
Suppose -12*a + 7 = 43. Let n be ((-52)/(-6))/(1/(-6)). What is the remainder when a + 0 + n/(-2) is divided by 12?
11
Let j = -2298 + 2364. Let m(q) = q**2 + 2*q - 1. Calculate the remainder when j is divided by m(4).
20
Let q be 8/28 + 4/((-84)/(-15)). Let t(m) = 5*m**3 - m**2 - 2*m + 2. What is the remainder when 1/2*7*2 is divided by t(q)?
3
Let h = -218 - -261. What is the remainder when 213 is divided by h?
41
Suppose 3*w + 3*n - 21 = 0, 3*w + 4*n - 33 = -2*w. Suppose w*o = -0*o + 55. What is the remainder when o is divided by 8?
3
Suppose -2*b = -5*c - 1803, 4*c - 4956 = -4*b - 1392. Calculate the remainder when b is divided by 18.
12
Suppose 0 = j - 4*s + 5 + 4, j + 5*s = -54. Let y = j - -104. Calculate the remainder when y is divided by 13.
10
Suppose -9*o + 4*o + 80 = 0. Calculate the remainder when 25 is divided by (2/3)/(o/96).
1
Let h = -709 + 736. What is the remainder when 71 is divided by h?
17
Suppose 0 = -m - 3 - 0. Let q be 18*m*5/(-9). Suppose -3*u = -q - 93. Calculate the remainder when u is divided by 11.
8
Let m(x) = -25*x - 125. Calculate the remainder when m(-22) is divided by 39.
35
Suppose -5*f + 133 = -292. What is the remainder when f is divided by 3/(-6)*-58 - 0?
27
Let z(g) = 3*g - 9. Let h(p) = -3*p + 10. Let i(y) = -4*h(y) - 3*z(y). Suppose -6*a + 2*a + 120 = 0. What is the remainder when a is divided by i(8)?
8
Let q(j) = j**3 + 10*j**2 + j + 7. Let x be q(-10). Let i(g) = -2*g**3 - 6*g**2 - 6*g - 4. Calculate the remainder when i(x) is divided by 8.
6
Let d(p) = 60*p**3 + 2*p**2 - 2*p + 1. Let q = -7 - -8. Suppose -105 = -3*c - 2*c. What is the remainder when d(q) is divided by c?
19
Let z = 76 + 7. Let r = z + -56. Calculate the remainder when 78 is divided by r.
24
Let g(z) = 3*z**2 - 40*z - 570. What is the remainder when g(-12) is divided by 49?
48
What is the remainder when 39 is divided by 18/4*(-256)/(-144)?
7
Let l be ((-11)/(33/(-68)))/((-1)/3). Let r = -66 - l. What is the remainder when 8 is divided by r?
0
Suppose -n = -y - 259, -n - 2*y + 213 = -52. Calculate the remainder when n is divided by 53.
49
Let q = 879 - 477. Suppose -57 = 15*j - q. What is the remainder when j is divided by 10?
3
Suppose -5*w = -o - 50, 3*w - o + 5*o - 30 = 0. Let u = w + -14. What is the remainder when 3 is divided by ((-9)/(-6) - 2)*u?
1
Suppose -3*q + 2*j = -j - 408, 5*q = -2*j + 673. Let r = 23 + 23. Calculate the remainder when q is divided by r.
43
Let w = -6350 + 6365. Let g be ((-2)/(-6))/(1/6). What is the remainder when 263/9 + g/(-9) is divided by w?
14
Suppose -66*c - 626 + 1814 = 0. Suppose -121 = -3*l + 5*j, -4*l - 5*j + 39 = -2*l. Calculate the remainder when l is divided by c.
14
Calculate the remainder when 51 is divided by 1/(2/(-24)*-2).
3
Let y(v) = 2*v - 17. Let w be y(10). Suppose -36 = -3*c + w*q, -c - 36 = -4*c - 5*q. Calculate the remainder when 44 is divided by c.
8
Suppose -2*p + 7*p - 15 = 0. Suppose 4*h - 275 = -3*n, -5*n + 340 = 8*h - p*h. Calculate the remainder when h is divided by 37.
34
What is the remainder when 75 is divided by (1 - 5) + (8 - 9/(-3))?
5
Suppose -31*j - 5865 = -54*j. What is the remainder when j is divided by 65?
60
Let w(q) = q**2 + 3. Let j(f) = -5*f**2 - 478*f - 277. Calculate the remainder when w(6) is divided by j(-95).
7
Let o(m) = 2*m**3 + 12*m**2 + 6*m - 3. Let f be (-1)/(2/(-4))*55/(-22). What is the remainder when o(f) is divided by 2?
1
Let n(s) = s + 14. Let v be n(10). Suppose t + v = 5*t. What is the remainder when (10 - (3 + 1)) + 11 is divided by t?
5
Suppose -48 = -4*f + 2*o - 6*o, 2*f + 3*o - 24 = 0. Suppose 5*u + 0*u = 10, 5*p - 5*u = 90. Calculate the remainder when p is divided by f.
8
Let x = -1728 - -1838. Calculate the remainder when x is divided by 13.
6
Suppose 0 = 2*g + 3*d + 13, 5 = 2*g - 5*d - 6. Let z(i) = i**3 + 5*i**2 + 4*i + 22. Calculate the remainder when g/(-1 + 0) + 5 is divided by z(-5).
1
Suppose 28*f - 5046 = -f. Calculate the remainder when f is divided by 59.
56
Suppose 0*m + 4*m = 4*h - 44, 5*m + 50 = 4*h. Calculate the remainder when 102 is divided by (-385)/(-15) - 2/m.
24
Let z(v) be the second derivative of -v**3/6 + 10*v**2 - 10*v. What is the remainder when z(9) is divided by 5?
1
Calculate the remainder when 77 is divided by 3*13/((81/(-6))/(-9)).
25
Suppose -3*j - 215 = -8*j. Calculate the remainder when j is divided by 4/3*117/78.
1
Suppose 0 = -h + 2*h + 4*z + 2, -3*h - z + 16 = 0. Let t = 0 - -2. Suppose -t*w = -w - 3. Calculate the remainder when h is divided by w.
0
Let w be (0/(-1) + -2)/((-22)/55). Suppose h + 3*z = 22, 0 = 4*h - z + w*z - 96. What is